{"id":1555,"date":"2024-12-08T11:07:44","date_gmt":"2024-12-08T10:07:44","guid":{"rendered":"https:\/\/tirolerinnern.at\/kirchbichl\/?page_id=1555"},"modified":"2024-12-08T14:06:25","modified_gmt":"2024-12-08T13:06:25","slug":"datenschutzerklaerung","status":"publish","type":"page","link":"https:\/\/tirolerinnern.at\/kirchbichl\/datenschutzerklaerung\/","title":{"rendered":"Datenschutzerkl\u00e4rung"},"content":{"rendered":"\t\t<div data-elementor-type=\"wp-page\" data-elementor-id=\"1555\" class=\"elementor elementor-1555\">\n\t\t\t\t<div class=\"elementor-element elementor-element-4e40db1 e-flex e-con-boxed e-con e-parent\" data-id=\"4e40db1\" data-element_type=\"container\" data-settings=\"{&quot;background_background&quot;:&quot;classic&quot;}\">\n\t\t\t\t\t<div class=\"e-con-inner\">\n\t\t<div class=\"elementor-element elementor-element-69d9538 e-con-full e-flex e-con e-child\" data-id=\"69d9538\" data-element_type=\"container\" data-settings=\"{&quot;background_background&quot;:&quot;classic&quot;}\">\n\t\t\t\t<div class=\"elementor-element elementor-element-4ee08cd elementor-widget elementor-widget-heading\" data-id=\"4ee08cd\" data-element_type=\"widget\" data-widget_type=\"heading.default\">\n\t\t\t\t<div class=\"elementor-widget-container\">\n\t\t\t<h2 class=\"elementor-heading-title elementor-size-default\">Datenschutzerkl\u00e4rung<\/h2>\t\t<\/div>\n\t\t\t\t<\/div>\n\t\t\t\t<\/div>\n\t\t\t\t\t<\/div>\n\t\t\t\t<\/div>\n\t\t<div class=\"elementor-element elementor-element-b36bf89 e-flex e-con-boxed e-con e-parent\" data-id=\"b36bf89\" data-element_type=\"container\" data-settings=\"{&quot;background_background&quot;:&quot;classic&quot;}\">\n\t\t\t\t\t<div class=\"e-con-inner\">\n\t\t<div class=\"elementor-element elementor-element-860b6a4 e-con-full e-flex e-con e-child\" data-id=\"860b6a4\" data-element_type=\"container\" data-settings=\"{&quot;background_background&quot;:&quot;classic&quot;}\">\n\t\t\t\t<div class=\"elementor-element elementor-element-2ff03db elementor-widget elementor-widget-text-editor\" data-id=\"2ff03db\" data-element_type=\"widget\" data-widget_type=\"text-editor.default\">\n\t\t\t\t<div class=\"elementor-widget-container\">\n\t\t\t\t\t\t\t<p><strong>1. Allgemeine Rechtsgrundlagen<\/strong><br \/>Wir verarbeiten Ihre Daten auf Grundlage der gesetzlichen Bestimmungen (in der jeweils geltenden Fassung), insbesondere:<\/p><ul><li><span style=\"text-decoration: underline;\"><a href=\"https:\/\/eur-lex.europa.eu\/legal-content\/DE\/ALL\/?uri=CELEX%3A32016R0679\">EU-Datenschutz-Grundverordnung (DSGVO)<\/a><\/span><\/li><li><span style=\"text-decoration: underline;\"><a href=\"https:\/\/eur-lex.europa.eu\/legal-content\/DE\/TXT\/?qid=1558973103394&amp;uri=CELEX%3A32018R1725\">Verordnung (EU) Nr. 2018\/1725 des Europ\u00e4ischen Parlaments und des Rates vom 23. Oktober 2018 zum Schutz nat\u00fcrlicher Personen bei der Verarbeitung personenbezogener Daten durch die Organe, Einrichtungen und sonstigen Stellen der Union, zum freien Datenverkehr und zur Aufhebung der Verordnung (EG) Nr. 45\/2001 und des Beschlusses Nr. 1247\/2002\/EG<\/a><\/span><\/li><li><span style=\"text-decoration: underline;\"><a href=\"https:\/\/www.ris.bka.gv.at\/GeltendeFassung.wxe?Abfrage=bundesnormen&amp;Gesetzesnummer=10001597\">Datenschutzgesetz (DSG)<\/a><\/span><\/li><\/ul><p><strong>2. Anpassungen<\/strong><br \/>Die Verarbeitung personenbezogener Daten unterliegt kontinuierlichen Ver\u00e4nderungen. Daher werden s\u00e4mtliche Anpassungen an dieser Stelle \u00f6ffentlich zug\u00e4nglich gemacht.<\/p><p><strong>3. Verantwortlicher nach DSGVO und Datenschutzbeauftragter<\/strong><br \/>Matthias Haaser<br \/>F\u00f6hrenweg 1<br \/>6065 Thaur<br \/>Email: <span style=\"text-decoration: underline;\"><a href=\"mailto:info@tirolerinnern.at\">info@tirolerinnern.at<\/a><\/span><\/p><p><strong>3. Ihre Rechte als betroffene Person<\/strong><\/p><p><strong>3.1. Recht auf Auskunft, Berichtigung, Einschr\u00e4nkung der Verarbeitung, Widerspruch, L\u00f6schung und Beschwerde<\/strong><br \/>Sie haben gegen\u00fcber tirolerinnern.at als Verantwortlichen jederzeit das Recht auf Auskunft \u00fcber Ihre verarbeiteten personenbezogenen Daten sowie das Recht auf Berichtigung. Soweit keine gesetzliche Aufbewahrungspflicht oder anderweitige Rechtsgrundlagen f\u00fcr die Verarbeitung Ihrer Daten bestehen, haben Sie das Recht auf L\u00f6schung dieser Daten. Beruht die Verarbeitung auf Ihrer Einwilligung, so haben Sie das Recht auf Widerruf (siehe Abschnitt 3.2). Erfolgt die Verarbeitung aus \u00f6ffentlichem Interesse oder zur Wahrung des berechtigten Interesses, so haben Sie das Recht auf Widerspruch gegen die Verarbeitung.<\/p><p><strong>3.2. Recht auf Widerruf<\/strong><br \/>Ist f\u00fcr die Verarbeitung Ihrer Daten Ihre Einwilligung notwendig, werden Ihre Daten erst nach Vorliegen Ihrer Einwilligung von tirolerinnern.at verarbeitet.<br \/>Sie k\u00f6nnen Ihre Einwilligung &#8211; sofern die Verarbeitung Ihrer Daten ausschlie\u00dflich auf Grundlage Ihrer Einwilligung erfolgt &#8211; jederzeit unter folgender E-Mail-Adresse widerrufen: <span style=\"text-decoration: underline;\"><a href=\"mailto:info@tirolerinnern.at\">info@tirolerinnern.at<\/a><\/span>. Durch den Widerruf der Einwilligung wird die Rechtm\u00e4\u00dfigkeit der aufgrund Ihrer Einwilligung bis zum Widerruf erfolgten Verarbeitung nicht ber\u00fchrt. Gesetzliche Aufbewahrungspflichten werden durch einen Widerruf ebenfalls nicht eingeschr\u00e4nkt.<br \/>Cookies und Tracking k\u00f6nnen durch Ihre entsprechenden Browser-Einstellungen geblockt werden.<br \/>Grunds\u00e4tzlich werden keine Daten minderj\u00e4hriger Personen aufgrund von Einwilligungen gem\u00e4\u00df Art. 6 Abs. 1 Buchstabe a DSGVO verarbeitet. Mit Ihrer Nutzung dieser Webseite best\u00e4tigen Sie, dass Sie das 14. Lebensjahr vollendet haben oder die Zustimmung Ihres gesetzlichen Vertreters\/Ihrer gesetzlichen Vertreterin vorliegt.<\/p><p><strong>3.3. Kontaktdaten zur Inanspruchnahme Ihrer Rechte<\/strong><br \/>Wenden Sie sich zur Inanspruchnahme eines der in den vorigen Punkten genannten Rechte bitte an uns unter <span style=\"text-decoration: underline;\"><a href=\"mailto:info@tirolerinnern.at\">info@tirolerinnern.at<\/a><\/span> oder schreiben Sie an: Matthias Haaser, F\u00f6hrenweg 1, 6065 Thaur.<br \/>Sofern Sie der Meinung sind, dass Sie in Ihren Datenschutzrechten verletzt wurden, wenden Sie sich bitte ebenfalls an uns unter <span style=\"text-decoration: underline;\"><a href=\"mailto:info@tirolerinnern.at\">info@tirolerinnern.at<\/a><\/span> oder richten Sie eine Beschwerde an die zust\u00e4ndige Aufsichtsbeh\u00f6rde (in \u00d6sterreich ist dies die \u00d6sterreichische Datenschutzbeh\u00f6rde, Barichgasse 40-42, 1030 Wien, E-Mail: dsb@dsb.gv.at).<\/p><p><strong>4. Allgemeines zu unsere Webseite <\/strong><\/p><p><strong>4.1. Freiwilligkeit der Offenlegung Ihrer Identit\u00e4t<\/strong><br \/>Sie k\u00f6nnen unsere Webseite grunds\u00e4tzlich ohne Offenlegung Ihrer Identit\u00e4t nutzen. Wenn Sie allerdings eine Anfrage per E-Mail stellen, \u00fcbermitteln Sie unter Einwilligung dieser Datenschutzerkl\u00e4rung freiwillig Ihre personenbezogenen Daten, welche unter anderem dauerhalft gespeichert werden. Es ist ebenso m\u00f6glich, dass wir Sie nach Ihrem Namen und nach anderen pers\u00f6nlichen Informationen fragen. Diese personenbezogenen Daten ben\u00f6tigen wir zur Bearbeitung und Beantwortung Ihrer Anfrage oder zur \u00dcbermittlung von Informationsmaterial.<\/p><p><strong>4.2. Ma\u00dfnahmen zur Datensicherheit<\/strong><br \/>Um Ihre \u00fcbermittelten Daten bestm\u00f6glich zu sch\u00fctzen, nutzen wir f\u00fcr unsere Online-Services eine SSL-Verschl\u00fcsselung (HTTPS-Protokoll). <br \/>Wenn Sie eine Anfrage per E-Mail senden, m\u00fcssen wir darauf hinweisen, dass die \u00dcbermittlung per E-Mail aufgrund des technischen Aufbaus des Internets m\u00f6glicherweise unsicher sein kann und dass unter Umst\u00e4nden Dritte unbefugt diese Nachricht lesen k\u00f6nnen. Sie m\u00fcssen daher selbst die Verantwortung f\u00fcr die Wahl dieses Kommunikationsmediums \u00fcbernehmen. Wenn Ihr E-Mail-Provider diese M\u00f6glichkeit bietet, k\u00f6nnen E-Mails zwischen Ihrem E-Mail-Provider und unserem E-Mail-Server mittels TLS verschl\u00fcsselt \u00fcbertragen werden.<br \/>Bitte beachten Sie, dass E-Mails, welche an <span style=\"text-decoration: underline;\"><a href=\"mailto:info@tirolerinnern.at\">info@tirolerinnern.at<\/a><\/span> gesendet werden bei Notwendigkeit auch von anderen Mitgliedern des Teams gelesen und bearbeitet werden k\u00f6nnen, insbesondere wenn technische \u00c4nderungen an der Webseite erforderlich sind oder l\u00e4ngere Abwesenheiten auftreten.<\/p><p><strong>5. Websites: Cookies und Nutzungsanalyse<\/strong><\/p><p><strong>5.1. Allgemeines zur Datenerhebung<\/strong><br \/>Auf unseren Internetplattformen verwenden wir Cookies sowie die Analysesoftware Google Analytics. Weiters werden die IP-Adresse des Ger\u00e4ts, von welchem Sie auf unsere Websites zugreifen, samt Datum und Uhrzeit des Zugriffs und die aufgerufenen Seiten (&#8222;Server-Logs&#8220;) f\u00fcr die Dauer von drei Tagen gespeichert, um etwaige Angriffe oder Unregelm\u00e4\u00dfigkeiten bzw. auftretende Fehler zu analysieren.<\/p><p><strong>5.2. Cookies<\/strong><br \/>Cookies sind kleine Textdateien und dienen dazu, die Darstellung der Website auf Ihrem Ger\u00e4t zu optimieren, wiederholte Aufrufe unserer Website zu erkennen sowie die Nutzungsh\u00e4ufigkeit und die Anzahl der Nutzer\/innen unserer Website zu ermitteln. Durch die Nutzung unserer Website willigen Sie ein, dass wir Cookies setzen.<\/p><p><strong>5.3. Nutzungsanalyse mit Google Analytics<\/strong><br \/>Wir verwenden Google Universal Analytics, einen Webanalysedienst der Google Inc. (\u201eGoogle\u201c). Google Analytics verwendet f\u00fcr die Nutzungsanalyse \u201eCookies\u201c, die auf Ihrem Computer gespeichert werden und die eine Analyse der Benutzung der Website durch Sie erm\u00f6glichen. Die durch die Cookies erzeugten Informationen \u00fcber Ihre Benutzung dieser Website werden in der Regel an einen Server von Google in den USA \u00fcbertragen und dort gespeichert. Auf dieser Webseite ist die IP-Anonymisierung aktiviert, das bedeutet, dass Ihre IP-Adresse von Google innerhalb von Mitgliedstaaten der Europ\u00e4ischen Union oder in anderen Vertragsstaaten des Abkommens \u00fcber den Europ\u00e4ischen Wirtschaftsraum zuvor gek\u00fcrzt wird. Nur in Ausnahmef\u00e4llen wird die volle IP-Adresse an einen Server von Google in den USA \u00fcbertragen und dort gek\u00fcrzt. Die im Rahmen von Google Analytics von Ihrem Browser \u00fcbermittelte IP-Adresse wird nicht mit anderen Daten von Google zusammengef\u00fchrt. Sie k\u00f6nnen die Speicherung der Cookies durch eine entsprechende Einstellung Ihrer Browser-Software verhindern; wir weisen Sie jedoch darauf hin, dass Sie in diesem Fall gegebenenfalls nicht s\u00e4mtliche Funktionen dieser Website vollumf\u00e4nglich werden nutzen k\u00f6nnen. Sie k\u00f6nnen dar\u00fcber hinaus die Erfassung der durch das Cookie erzeugten und auf Ihre Nutzung der Website bezogenen Daten (inkl. Ihrer IP-Adresse) an Google sowie die Verarbeitung dieser Daten durch Google verhindern, indem sie das unter dem folgenden Link verf\u00fcgbare Browser-Plugin herunterladen und installieren. Der aktuelle Link ist <span style=\"text-decoration: underline;\"><a href=\"http:\/\/tools.google.com\/dlpage\/gaoptout?hl=de\">http:\/\/tools.google.com\/dlpage\/gaoptout?hl=de<\/a><\/span><\/p><p><strong>6. YouTube<\/strong><br \/>Unsere Website verwendet f\u00fcr die Einbindung von Videos den Anbieter YouTube LLC , 901 Cherry Avenue, San Bruno, CA 94066, USA, vertreten durch Google Inc., 1600 Amphitheatre Parkway, Mountain View, CA 94043, USA. Wir haben die YouTube-Videos mit dem erweiterten Datenschutzmodus eingebunden: in diesem Fall nimmt YouTube zwar Kontakt zu dem Dienst DoubleClick von Google auf, doch werden dabei laut der Datenschutzerkl\u00e4rung von Google personenbezogene Daten nicht ausgewertet. Dadurch werden von YouTube keine Informationen \u00fcber die Besucher unserer Website gespeichert, es sei denn, Sie sehen sich das Video an: Wenn Sie das Video anklicken, wird Ihre IP-Adresse an YouTube \u00fcbermittelt.<br \/>Sind Sie w\u00e4hrend des Besuchs unserer Website bei YouTube eingeloggt, wird diese Information auch Ihrem Benutzerkonto unmittelbar zugeordnet. Dies k\u00f6nnen Sie verhindern, indem Sie sich vor dem Aufrufen des Videos bei YouTube ausloggen.<br \/>N\u00e4here Informationen k\u00f6nnen Sie der <span style=\"text-decoration: underline;\"><a href=\"https:\/\/policies.google.com\/privacy?hl=de\">Datenschutzerkl\u00e4rung von YouTube<\/a><\/span> entnehmen.<\/p><p>\u00a0<\/p>\t\t\t\t\t\t<\/div>\n\t\t\t\t<\/div>\n\t\t\t\t<\/div>\n\t\t\t\t\t<\/div>\n\t\t\t\t<\/div>\n\t\t<div class=\"elementor-element elementor-element-f4c8830 e-flex e-con-boxed e-con e-parent\" data-id=\"f4c8830\" data-element_type=\"container\" data-settings=\"{&quot;background_background&quot;:&quot;gradient&quot;}\">\n\t\t\t\t\t<div class=\"e-con-inner\">\n\t\t\t\t\t<\/div>\n\t\t\t\t<\/div>\n\t\t\t\t<\/div>\n\t\t","protected":false},"excerpt":{"rendered":"<p>Datenschutzerkl\u00e4rung 1. Allgemeine RechtsgrundlagenWir verarbeiten Ihre Daten auf Grundlage der gesetzlichen Bestimmungen (in der jeweils geltenden Fassung), insbesondere: EU-Datenschutz-Grundverordnung (DSGVO) Verordnung (EU) Nr. 2018\/1725 des Europ\u00e4ischen Parlaments und des Rates vom 23. Oktober 2018 zum Schutz nat\u00fcrlicher Personen bei der Verarbeitung personenbezogener Daten durch die Organe, Einrichtungen und sonstigen Stellen der Union, zum freien Datenverkehr [&hellip;]<\/p>\n","protected":false},"author":1,"featured_media":0,"parent":0,"menu_order":0,"comment_status":"closed","ping_status":"closed","template":"","meta":{"ocean_post_layout":"full-screen","ocean_both_sidebars_style":"","ocean_both_sidebars_content_width":0,"ocean_both_sidebars_sidebars_width":0,"ocean_sidebar":"","ocean_second_sidebar":"","ocean_disable_margins":"enable","ocean_add_body_class":"","ocean_shortcode_before_top_bar":"","ocean_shortcode_after_top_bar":"","ocean_shortcode_before_header":"","ocean_shortcode_after_header":"","ocean_has_shortcode":"","ocean_shortcode_after_title":"","ocean_shortcode_before_footer_widgets":"","ocean_shortcode_after_footer_widgets":"","ocean_shortcode_before_footer_bottom":"","ocean_shortcode_after_footer_bottom":"","ocean_display_top_bar":"off","ocean_display_header":"default","ocean_header_style":"","ocean_center_header_left_menu":"","ocean_custom_header_template":"","ocean_custom_logo":0,"ocean_custom_retina_logo":0,"ocean_custom_logo_max_width":0,"ocean_custom_logo_tablet_max_width":0,"ocean_custom_logo_mobile_max_width":0,"ocean_custom_logo_max_height":0,"ocean_custom_logo_tablet_max_height":0,"ocean_custom_logo_mobile_max_height":0,"ocean_header_custom_menu":"","ocean_menu_typo_font_family":"","ocean_menu_typo_font_subset":"","ocean_menu_typo_font_size":0,"ocean_menu_typo_font_size_tablet":0,"ocean_menu_typo_font_size_mobile":0,"ocean_menu_typo_font_size_unit":"px","ocean_menu_typo_font_weight":"","ocean_menu_typo_font_weight_tablet":"","ocean_menu_typo_font_weight_mobile":"","ocean_menu_typo_transform":"","ocean_menu_typo_transform_tablet":"","ocean_menu_typo_transform_mobile":"","ocean_menu_typo_line_height":0,"ocean_menu_typo_line_height_tablet":0,"ocean_menu_typo_line_height_mobile":0,"ocean_menu_typo_line_height_unit":"","ocean_menu_typo_spacing":0,"ocean_menu_typo_spacing_tablet":0,"ocean_menu_typo_spacing_mobile":0,"ocean_menu_typo_spacing_unit":"","ocean_menu_link_color":"","ocean_menu_link_color_hover":"","ocean_menu_link_color_active":"","ocean_menu_link_background":"","ocean_menu_link_hover_background":"","ocean_menu_link_active_background":"","ocean_menu_social_links_bg":"","ocean_menu_social_hover_links_bg":"","ocean_menu_social_links_color":"","ocean_menu_social_hover_links_color":"","ocean_disable_title":"on","ocean_disable_heading":"default","ocean_post_title":"","ocean_post_subheading":"","ocean_post_title_style":"","ocean_post_title_background_color":"","ocean_post_title_background":0,"ocean_post_title_bg_image_position":"","ocean_post_title_bg_image_attachment":"","ocean_post_title_bg_image_repeat":"","ocean_post_title_bg_image_size":"","ocean_post_title_height":0,"ocean_post_title_bg_overlay":0.5,"ocean_post_title_bg_overlay_color":"","ocean_disable_breadcrumbs":"default","ocean_breadcrumbs_color":"","ocean_breadcrumbs_separator_color":"","ocean_breadcrumbs_links_color":"","ocean_breadcrumbs_links_hover_color":"","ocean_display_footer_widgets":"off","ocean_display_footer_bottom":"off","ocean_custom_footer_template":"","footnotes":""},"class_list":["post-1555","page","type-page","status-publish","hentry","entry"],"_links":{"self":[{"href":"https:\/\/tirolerinnern.at\/kirchbichl\/wp-json\/wp\/v2\/pages\/1555","targetHints":{"allow":["GET"]}}],"collection":[{"href":"https:\/\/tirolerinnern.at\/kirchbichl\/wp-json\/wp\/v2\/pages"}],"about":[{"href":"https:\/\/tirolerinnern.at\/kirchbichl\/wp-json\/wp\/v2\/types\/page"}],"author":[{"embeddable":true,"href":"https:\/\/tirolerinnern.at\/kirchbichl\/wp-json\/wp\/v2\/users\/1"}],"replies":[{"embeddable":true,"href":"https:\/\/tirolerinnern.at\/kirchbichl\/wp-json\/wp\/v2\/comments?post=1555"}],"version-history":[{"count":8,"href":"https:\/\/tirolerinnern.at\/kirchbichl\/wp-json\/wp\/v2\/pages\/1555\/revisions"}],"predecessor-version":[{"id":1598,"href":"https:\/\/tirolerinnern.at\/kirchbichl\/wp-json\/wp\/v2\/pages\/1555\/revisions\/1598"}],"wp:attachment":[{"href":"https:\/\/tirolerinnern.at\/kirchbichl\/wp-json\/wp\/v2\/media?parent=1555"}],"curies":[{"name":"wp","href":"https:\/\/api.w.org\/{rel}","templated":true}]}}